{"id":632,"date":"2023-08-30T20:55:04","date_gmt":"2023-08-30T20:55:04","guid":{"rendered":"https:\/\/www.mechtler-weine.at\/?post_type=product&#038;p=632"},"modified":"2025-04-11T18:23:55","modified_gmt":"2025-04-11T18:23:55","slug":"grauburgunder","status":"publish","type":"product","link":"https:\/\/www.mechtler-weine.at\/index.php\/product\/grauburgunder\/","title":{"rendered":"Grauburgunder"},"content":{"rendered":"<p><span style=\"font-size: 14.0pt; font-family: 'Arial Nova',sans-serif;\">Der Graub<\/span><span style=\"font-size: 14.0pt; font-family: 'Arial Nova',sans-serif;\">urgunder ist eine alte und seltene Sorte in \u00d6sterreich. Seit ein paar Jahren erlebt er aber bei uns wieder einen Aufschwung und liefert immer grandiose E<\/span><span style=\"font-family: 'Arial Nova', sans-serif; font-size: 14pt;\">rgebnisse. Mit der fr\u00fch einsetzenden Reife dieser Sorte erreichen wir immer hohe Zuckergrade auf der Klosterneuburger Mostwaage. Der ideale Lesezeitpunkt und die anschlie\u00dfende Maischestandzeit spiegeln sich in Farbe und vor allem im Geschmack wieder. Das Bukett von Vollreifen \u00c4pfeln und ein leichter Honig ton machen sich auf der Zunge breit und bleiben best\u00e4ndig. Mit seinem zarten Restzucker ist er ein halbtrockener Wein, der das Potential hat, Begleiter f\u00fcr wundersch\u00f6ne Stunden zu sein.<\/span><\/p>\n","protected":false},"excerpt":{"rendered":"<p>Der Begleiter f\u00fcr wundersch\u00f6ne Stunden<\/p>\n","protected":false},"featured_media":568,"comment_status":"open","ping_status":"closed","template":"","meta":{"_monsterinsights_skip_tracking":false,"_monsterinsights_sitenote_active":false,"_monsterinsights_sitenote_note":"","_monsterinsights_sitenote_category":0,"site-sidebar-layout":"no-sidebar","site-content-layout":"","ast-site-content-layout":"default","site-content-style":"default","site-sidebar-style":"default","ast-global-header-display":"","ast-banner-title-visibility":"","ast-main-header-display":"","ast-hfb-above-header-display":"","ast-hfb-below-header-display":"","ast-hfb-mobile-header-display":"","site-post-title":"","ast-breadcrumbs-content":"disabled","ast-featured-img":"","footer-sml-layout":"","theme-transparent-header-meta":"default","adv-header-id-meta":"","stick-header-meta":"","header-above-stick-meta":"","header-main-stick-meta":"","header-below-stick-meta":"","astra-migrate-meta-layouts":"set"},"product_cat":[20],"product_tag":[],"class_list":["post-632","product","type-product","status-publish","has-post-thumbnail","hentry","product_cat-weine","desktop-align-left","tablet-align-left","mobile-align-left"],"_links":{"self":[{"href":"https:\/\/www.mechtler-weine.at\/index.php\/wp-json\/wp\/v2\/product\/632","targetHints":{"allow":["GET"]}}],"collection":[{"href":"https:\/\/www.mechtler-weine.at\/index.php\/wp-json\/wp\/v2\/product"}],"about":[{"href":"https:\/\/www.mechtler-weine.at\/index.php\/wp-json\/wp\/v2\/types\/product"}],"replies":[{"embeddable":true,"href":"https:\/\/www.mechtler-weine.at\/index.php\/wp-json\/wp\/v2\/comments?post=632"}],"wp:featuredmedia":[{"embeddable":true,"href":"https:\/\/www.mechtler-weine.at\/index.php\/wp-json\/wp\/v2\/media\/568"}],"wp:attachment":[{"href":"https:\/\/www.mechtler-weine.at\/index.php\/wp-json\/wp\/v2\/media?parent=632"}],"wp:term":[{"taxonomy":"product_cat","embeddable":true,"href":"https:\/\/www.mechtler-weine.at\/index.php\/wp-json\/wp\/v2\/product_cat?post=632"},{"taxonomy":"product_tag","embeddable":true,"href":"https:\/\/www.mechtler-weine.at\/index.php\/wp-json\/wp\/v2\/product_tag?post=632"}],"curies":[{"name":"wp","href":"https:\/\/api.w.org\/{rel}","templated":true}]}}